s 1297027 prime?
True
Is 266971 a composite number?
False
Is 2047091 a composite number?
False
Is 3738769 a composite number?
False
Is 1881251 a composite number?
True
Is 786239 a composite number?
True
Is 1222943 composite?
False
Is 5090203 a prime number?
False
Is 113894411 composite?
True
Is 75997979 a composite number?
True
Is 11883337 composite?
False
Is 18843653 a composite number?
False
Is 6798901 a composite number?
False
Is 30568403 a prime number?
False
Is 53686537 a prime number?
True
Is 185154731 composite?
True
Is 220809629 prime?
True
Is 3950533 composite?
False
Is 2461801 a prime number?
True
Is 376738651 prime?
True
Is 10920671 prime?
True
Is 347707 prime?
True
Is 866111 a prime number?
False
Is 9709899 composite?
True
Is 9082022 prime?
False
Is 92878091 a composite number?
False
Is 76090943 a composite number?
True
Is 36478415 a composite number?
True
Is 10557067 a composite number?
False
Is 423303 a prime number?
False
Is 31366774 prime?
False
Is 705099989 prime?
False
Is 591193307 composite?
True
Is 4252451 a prime number?
False
Is 15962057 composite?
False
Is 49685641 composite?
False
Is 196271183 a composite number?
True
Is 192781727 a composite number?
False
Is 42576707 a composite number?
False
Is 763493 a composite number?
False
Is 919951251 a composite number?
True
Is 386730247 composite?
True
Is 79421539 prime?
False
Is 366593 a prime number?
True
Is 1414801 composite?
False
Is 23692381 a prime number?
True
Is 42113219 a composite number?
False
Is 10591091 a composite number?
True
Is 13832641 composite?
False
Is 566149619 a composite number?
True
Is 48065503 composite?
True
Is 24301957 a composite number?
False
Is 69604309 a prime number?
False
Is 883327 a composite number?
False
Is 109506053 a composite number?
False
Is 6026231 prime?
True
Is 959311 composite?
True
Is 51907421 composite?
False
Is 238934669 prime?
True
Is 3151145 a prime number?
False
Is 33057407 composite?
False
Is 68753569 prime?
True
Is 11065685 prime?
False
Is 6080567 prime?
True
Is 2428309 a composite number?
True
Is 88667123 a prime number?
False
Is 46520399 prime?
True
Is 1033493 composite?
False
Is 8247077 composite?
False
Is 6470323 composite?
True
Is 5514643 a prime number?
True
Is 3060047 prime?
True
Is 453160493 a prime number?
False
Is 1341943 prime?
False
Is 100667683 prime?
False
Is 321187 composite?
False
Is 159283 a prime number?
False
Is 29657531 prime?
True
Is 80743277 a prime number?
False
Is 4301501 a composite number?
False
Is 29104081 a composite number?
True
Is 2593051 a composite number?
False
Is 26947841 a composite number?
True
Is 349412807 a composite number?
False
Is 1096753 a composite number?
True
Is 1432127 a composite number?
True
Is 47161402 a prime number?
False
Is 1180279 composite?
False
Is 21890731 composite?
True
Is 46138733 a prime number?
True
Is 794711 prime?
True
Is 52684231 a prime number?
False
Is 1621127 a composite number?
False
Is 1853053 a prime number?
True
Is 11576197 a prime number?
False
Is 540499917 a composite number?
True
Is 93565697 a prime number?
True
Is 17995721 prime?
True
Is 25220077 a prime number?
True
Is 443158649 a composite number?
False
Is 144374953 a prime number?
True
Is 110150459 a prime number?
True
Is 225109 a prime number?
True
Is 768555677 prime?
True
Is 69617557 a prime number?
True
Is 3356039 a prime number?
True
Is 15922861 a composite number?
True
Is 203083627 prime?
True
Is 167753 composite?
True
Is 5718754 a prime number?
False
Is 5385637 composite?
True
Is 10749094 composite?
True
Is 19913497 prime?
True
Is 13462369 composite?
False
Is 1733189 a composite number?
True
Is 366326837 a composite number?
False
Is 6389707 a composite number?
True
Is 22511197 prime?
True
Is 34459162 a prime number?
False
Is 100691 a composite number?
True
Is 1146881 composite?
False
Is 129248929 prime?
True
Is 46337507 composite?
False
Is 27033491 prime?
True
Is 1369909 a composite number?
True
Is 37509623 composite?
True
Is 4456931 a prime number?
True
Is 2192111 a prime number?
True
Is 5687191 composite?
False
Is 18445759 composite?
True
Is 35440435 composite?
True
Is 20032253 composite?
False
Is 491678689 a prime number?
True
Is 3512279 prime?
True
Is 6367253 a composite number?
True
Is 11593561 composite?
True
Is 8053135 prime?
False
Is 2253935 a prime number?
False
Is 346750799 composite?
False
Is 530027047 composite?
True
Is 3519707 prime?
True
Is 108262867 a prime number?
True
Is 6749929 a prime number?
False
Is 746543 a prime number?
False
Is 2149703 prime?
True
Is 17711165 a prime number?
False
Is 82032473 composite?
False
Is 5207327 prime?
False
Is 61982777 a composite number?
True
Is 5093167 prime?
True
Is 343717 composite?
True
Is 22906603 prime?
False
Is 81585743 a prime number?
True
Is 80604989 a prime number?
True
Is 2968249 composite?
True
Is 32435279 a prime number?
True
Is 10125847 a composite number?
False
Is 123404261 a composite number?
False
Is 48794765 composite?
True
Is 17360449 a composite number?
False
Is 248963399 prime?
True
Is 23467643 composite?
True
Is 19299823 composite?
True
Is 1473779 composite?
True
Is 35930639 a prime number?
False
Is 380251258 prime?
False
Is 1190177 prime?
True
Is 3829297 a prime number?
False
Is 2373457 a composite number?
True
Is 103313 a prime number?
False
Is 870329587 composite?
True
Is 3993193 prime?
True
Is 10520449 prime?
True
Is 1413211 composite?
False
Is 705420383 composite?
False
Is 3044473 composite?
False
Is 18314711 prime?
True
Is 111314639 prime?
True
Is 1751773 composite?
False
Is 72833243 composite?
True
Is 93667333 composite?
False
Is 3870401 a composite number?
False
Is 5243881 a composite number?
True
Is 26328233 a composite number?
False
Is 20355367 a prime number?
False
Is 378869 a prime number?
True
Is 13893109 composite?
False
Is 384192339 composite?
True
Is 241791653 a prime number?
True
Is 290759039 prime?
False
Is 622547 composite?
False
Is 669463 a composite number?
False
Is 378867031 a prime number?
True
Is 30012545 a prime number?
False
Is 130647463 a prime number?
True
Is 429433 composite?
True
Is 3656189 a composite number?
True
Is 5331869 prime?
True
Is 50155271 a composite number?
False
Is 42871949 prime?
True
Is 83633 composite?
True
Is 41407493 a composite number?
False
Is 2313929 a composite number?
False
Is 173445377 composite?
True
Is 20713799 a composite number?
False
Is 21933143 prime?
True
Is 7846403 a prime number?
True
Is 1285009 prime?
False
Is 21546527 a prime number?
True
Is 16051093 prime?
True
Is 5567413 a prime number?
False
Is 14656241 a composite number?
False
Is 74040209 prime?
True
Is 1403513 a prime number?
False
Is 845879 composite?
False
Is 4765249 a composite number?
False
Is 705130439 composite?
True
Is 1142408913 a prime number?
False
Is 41941943 prime?
True
Is 2237027 a composite number?
True
Is 79237121 composite?
True
Is 2724479 composite?
False
Is 59918 a prime number?
False
Is 534740231 prime?
False
Is 5508389 prime?
False
Is 69233903 a composite number?
False
Is 24203723 a prime number?
True
Is 272806511 composite?
False
Is 341947769 composite?
True
Is 2794279 composite?
True
Is 14433709 prime?
True
Is 9964915 a composite number?
True
Is 5740783 a composite number?
False
Is 51628627 a prime number?
True
Is 13961159 a composite number?
True
Is 33256703 a composite number?
False
Is 3617869 a prime number?
False
Is 7079833 a composite number?
False
Is 237897277 a composite number?
False
Is 628147021 a prime number?
True
Is 54349283 a prime number?
True
Is 163709093 a prime number?
False
Is 1404191 prime?
True
Is 3487273 a prime number?
True
Is 19558849 a prime number?
False
Is 5155387 prime?
True
Is 13000669 a prime number?
False
Is 74996107 prime?
False
Is 5432467 a composite number?
True
Is 35170521 composite?
True
Is 74446181 composite?
False
Is 223755335 composite?
True
Is 285815 a composite number?
True
Is 159465626 a composite number?
True
Is 8204881 prime?
False
Is 357855613 a prime number?
False
Is 8891899 a prime number?
True
Is 733903297 composite?
True
Is 23664911 a composite number?
False
Is 317056919 prime?
False
Is 203394739 a composite number?
True
Is 83668622 a composite number?
True
Is 15480853 prime?
True
Is 7527011 a prime number?
True
Is 5722243 a prim